{"id":53,"date":"2018-05-28T12:01:48","date_gmt":"2018-05-28T12:01:48","guid":{"rendered":"http:\/\/krankenhauszubehoer.de\/?page_id=53"},"modified":"2022-06-30T06:52:05","modified_gmt":"2022-06-30T06:52:05","slug":"rhombus-rollen","status":"publish","type":"page","link":"https:\/\/alt-krankenhaus-rollentechnik.de\/?page_id=53","title":{"rendered":"Rhombus Rollen"},"content":{"rendered":"\n<h4><strong>Rollen und R\u00e4der f\u00fcr jeden Anwendungsbereich Rhombus Rollen<\/strong><\/h4>\n\n\n\n<h2><\/h2>\n\n\n\n<p><\/p>\n\n\n\n<p>Qualit\u00e4t und Dienstleistung haben bei RHOMBUS Rollen eine lange Tradition. <\/p>\n\n\n\n<p>Das Unternehmen ist der \u00e4lteste industrielle Hersteller von R\u00e4dern und Rollen in Europa. <\/p>\n\n\n\n<p>1899 in Burg an der Wupper gegr\u00fcndet, begann die Albert Schulte S\u00f6hne GmbH &amp; Co. zun\u00e4chst mit der Produktion von Rollen und R\u00e4dern f\u00fcr Klaviere. <\/p>\n\n\n\n<p>Unter dem Markennamen \u201eRHOMBUS\u201c bot das Unternehmen bereits Mitte der drei\u00dfiger Jahre des vergangenen Jahrhunderts ein breites Spektrum an Rollen f\u00fcr verschiedenste Einsatzbereiche.<\/p>\n\n\n\n<p>In den f\u00fcnfziger Jahren avancierte der Hersteller aus dem Bergischen Land zu einem der f\u00fchrenden der Branche. 1994 benannte sich das Unternehmen nach seinem Markennamen und firmierte seither unter RHOMBUS Rollen.<\/p>\n\n\n\n<p><\/p>\n\n\n\n<p><\/p>\n\n\n\n<figure class=\"wp-block-image size-full\"><img loading=\"lazy\" width=\"233\" height=\"201\" src=\"https:\/\/krankenhauszubehoer.de\/wp-content\/uploads\/2022\/06\/1.jpg\" alt=\"\" class=\"wp-image-366\"\/><\/figure>\n","protected":false},"excerpt":{"rendered":"<p>Rollen und R\u00e4der f\u00fcr jeden Anwendungsbereich Rhombus Rollen Qualit\u00e4t und Dienstleistung haben bei RHOMBUS Rollen eine lange Tradition. Das Unternehmen ist der \u00e4lteste industrielle Hersteller von R\u00e4dern und Rollen in Europa. 1899 in Burg an der Wupper gegr\u00fcndet, begann die Albert Schulte S\u00f6hne GmbH &amp; Co. zun\u00e4chst mit der Produktion von Rollen und R\u00e4dern f\u00fcr [&hellip;]<\/p>\n","protected":false},"author":1,"featured_media":0,"parent":0,"menu_order":0,"comment_status":"closed","ping_status":"closed","template":"","meta":[],"_links":{"self":[{"href":"https:\/\/alt-krankenhaus-rollentechnik.de\/index.php?rest_route=\/wp\/v2\/pages\/53"}],"collection":[{"href":"https:\/\/alt-krankenhaus-rollentechnik.de\/index.php?rest_route=\/wp\/v2\/pages"}],"about":[{"href":"https:\/\/alt-krankenhaus-rollentechnik.de\/index.php?rest_route=\/wp\/v2\/types\/page"}],"author":[{"embeddable":true,"href":"https:\/\/alt-krankenhaus-rollentechnik.de\/index.php?rest_route=\/wp\/v2\/users\/1"}],"replies":[{"embeddable":true,"href":"https:\/\/alt-krankenhaus-rollentechnik.de\/index.php?rest_route=%2Fwp%2Fv2%2Fcomments&post=53"}],"version-history":[{"count":44,"href":"https:\/\/alt-krankenhaus-rollentechnik.de\/index.php?rest_route=\/wp\/v2\/pages\/53\/revisions"}],"predecessor-version":[{"id":380,"href":"https:\/\/alt-krankenhaus-rollentechnik.de\/index.php?rest_route=\/wp\/v2\/pages\/53\/revisions\/380"}],"wp:attachment":[{"href":"https:\/\/alt-krankenhaus-rollentechnik.de\/index.php?rest_route=%2Fwp%2Fv2%2Fmedia&parent=53"}],"curies":[{"name":"wp","href":"https:\/\/api.w.org\/{rel}","templated":true}]}}