{"id":18,"date":"2018-05-28T11:18:57","date_gmt":"2018-05-28T11:18:57","guid":{"rendered":"http:\/\/krankenhauszubehoer.de\/?page_id=18"},"modified":"2022-06-30T08:25:11","modified_gmt":"2022-06-30T08:25:11","slug":"toiletten-und-rollstuehle","status":"publish","type":"page","link":"https:\/\/alt-krankenhaus-rollentechnik.de\/?page_id=18","title":{"rendered":"Toiletten und Rollst\u00fchle"},"content":{"rendered":"\n<p>Wir f\u00fchren Zubeh\u00f6r f\u00fcr alle g\u00e4ngigen Toiletten- und Rollst\u00fchle.<\/p>\n\n\n\n<p>Sprechen Sie uns hierf\u00fcr einfach an.<\/p>\n\n\n\n<p><\/p>\n\n\n\n<figure class=\"wp-container-2 wp-block-gallery-1 wp-block-gallery has-nested-images columns-default is-cropped\">\n<figure class=\"wp-block-image size-large\"><img loading=\"lazy\" width=\"270\" height=\"180\" data-id=\"445\"  src=\"https:\/\/krankenhauszubehoer.de\/wp-content\/uploads\/2022\/06\/beinstuetze.jpg\" alt=\"\" class=\"wp-image-445\"\/><\/figure>\n\n\n\n<figure class=\"wp-block-image size-large\"><img loading=\"lazy\" width=\"174\" height=\"200\" data-id=\"457\"  src=\"https:\/\/krankenhauszubehoer.de\/wp-content\/uploads\/2022\/06\/LRa125x25C1.jpg\" alt=\"\" class=\"wp-image-457\"\/><\/figure>\n\n\n\n<figure class=\"wp-block-image size-large\"><img loading=\"lazy\" width=\"174\" height=\"200\" data-id=\"456\"  src=\"https:\/\/krankenhauszubehoer.de\/wp-content\/uploads\/2022\/06\/LRa125x25CR75-19.jpg\" alt=\"\" class=\"wp-image-456\"\/><\/figure>\n\n\n\n<figure class=\"wp-block-image size-large\"><img loading=\"lazy\" width=\"174\" height=\"200\" data-id=\"450\"  src=\"https:\/\/krankenhauszubehoer.de\/wp-content\/uploads\/2022\/06\/LRh125x25C1.jpg\" alt=\"\" class=\"wp-image-450\"\/><\/figure>\n\n\n\n<figure class=\"wp-block-image size-large\"><img loading=\"lazy\" width=\"270\" height=\"180\" data-id=\"455\"  src=\"https:\/\/krankenhauszubehoer.de\/wp-content\/uploads\/2022\/06\/na-0056.jpg\" alt=\"\" class=\"wp-image-455\"\/><\/figure>\n\n\n\n<figure class=\"wp-block-image size-large\"><img loading=\"lazy\" width=\"270\" height=\"180\" data-id=\"452\"  src=\"https:\/\/krankenhauszubehoer.de\/wp-content\/uploads\/2022\/06\/na-0064.jpg\" alt=\"\" class=\"wp-image-452\"\/><\/figure>\n\n\n\n<figure class=\"wp-block-image size-large\"><img loading=\"lazy\" width=\"269\" height=\"180\" data-id=\"460\"  src=\"https:\/\/krankenhauszubehoer.de\/wp-content\/uploads\/2022\/06\/na-0120.jpg\" alt=\"\" class=\"wp-image-460\"\/><\/figure>\n\n\n\n<figure class=\"wp-block-image size-large\"><img loading=\"lazy\" width=\"271\" height=\"180\" data-id=\"453\"  src=\"https:\/\/krankenhauszubehoer.de\/wp-content\/uploads\/2022\/06\/na-0142.jpg\" alt=\"\" class=\"wp-image-453\"\/><\/figure>\n\n\n\n<figure class=\"wp-block-image size-large\"><img loading=\"lazy\" width=\"250\" height=\"180\" data-id=\"454\"  src=\"https:\/\/krankenhauszubehoer.de\/wp-content\/uploads\/2022\/06\/na-0172.jpg\" alt=\"\" class=\"wp-image-454\"\/><\/figure>\n\n\n\n<figure class=\"wp-block-image size-large\"><img loading=\"lazy\" width=\"272\" height=\"180\" data-id=\"459\"  src=\"https:\/\/krankenhauszubehoer.de\/wp-content\/uploads\/2022\/06\/na-0225.jpg\" alt=\"\" class=\"wp-image-459\"\/><\/figure>\n\n\n\n<figure class=\"wp-block-image size-large\"><img loading=\"lazy\" width=\"270\" height=\"180\" data-id=\"462\"  src=\"https:\/\/krankenhauszubehoer.de\/wp-content\/uploads\/2022\/06\/na-0230.jpg\" alt=\"\" class=\"wp-image-462\"\/><\/figure>\n\n\n\n<figure class=\"wp-block-image size-large\"><img loading=\"lazy\" width=\"270\" height=\"180\" data-id=\"467\"  src=\"https:\/\/krankenhauszubehoer.de\/wp-content\/uploads\/2022\/06\/na-0272.jpg\" alt=\"\" class=\"wp-image-467\"\/><\/figure>\n\n\n\n<figure class=\"wp-block-image size-large\"><img loading=\"lazy\" width=\"270\" height=\"180\" data-id=\"466\"  src=\"https:\/\/krankenhauszubehoer.de\/wp-content\/uploads\/2022\/06\/na-0286.jpg\" alt=\"\" class=\"wp-image-466\"\/><\/figure>\n\n\n\n<figure class=\"wp-block-image size-large\"><img loading=\"lazy\" width=\"270\" height=\"180\" data-id=\"447\"  src=\"https:\/\/krankenhauszubehoer.de\/wp-content\/uploads\/2022\/06\/na-0300.jpg\" alt=\"\" class=\"wp-image-447\"\/><\/figure>\n\n\n\n<figure class=\"wp-block-image size-large\"><img loading=\"lazy\" width=\"270\" height=\"180\" data-id=\"444\"  src=\"https:\/\/krankenhauszubehoer.de\/wp-content\/uploads\/2022\/06\/na-0315.jpg\" alt=\"\" class=\"wp-image-444\"\/><\/figure>\n\n\n\n<figure class=\"wp-block-image size-large\"><img loading=\"lazy\" width=\"270\" height=\"180\" data-id=\"449\"  src=\"https:\/\/krankenhauszubehoer.de\/wp-content\/uploads\/2022\/06\/na-0317.jpg\" alt=\"\" class=\"wp-image-449\"\/><\/figure>\n\n\n\n<figure class=\"wp-block-image size-large\"><img loading=\"lazy\" width=\"270\" height=\"180\" data-id=\"461\"  src=\"https:\/\/krankenhauszubehoer.de\/wp-content\/uploads\/2022\/06\/na-0325.jpg\" alt=\"\" class=\"wp-image-461\"\/><\/figure>\n\n\n\n<figure class=\"wp-block-image size-large\"><img loading=\"lazy\" width=\"181\" height=\"200\" data-id=\"448\"  src=\"https:\/\/krankenhauszubehoer.de\/wp-content\/uploads\/2022\/06\/na-0328.jpg\" alt=\"\" class=\"wp-image-448\"\/><\/figure>\n\n\n\n<figure class=\"wp-block-image size-large\"><img loading=\"lazy\" width=\"272\" height=\"180\" data-id=\"446\"  src=\"https:\/\/krankenhauszubehoer.de\/wp-content\/uploads\/2022\/06\/na-0410.jpg\" alt=\"\" class=\"wp-image-446\"\/><\/figure>\n\n\n\n<figure class=\"wp-block-image size-large\"><img loading=\"lazy\" width=\"271\" height=\"180\" data-id=\"458\"  src=\"https:\/\/krankenhauszubehoer.de\/wp-content\/uploads\/2022\/06\/na-0750.jpg\" alt=\"\" class=\"wp-image-458\"\/><\/figure>\n\n\n\n<figure class=\"wp-block-image size-large\"><img loading=\"lazy\" width=\"271\" height=\"180\" data-id=\"451\"  src=\"https:\/\/krankenhauszubehoer.de\/wp-content\/uploads\/2022\/06\/PU-AG-370.jpg\" alt=\"\" class=\"wp-image-451\"\/><\/figure>\n\n\n\n<figure class=\"wp-block-image size-large\"><img loading=\"lazy\" width=\"270\" height=\"180\" data-id=\"463\"  src=\"https:\/\/krankenhauszubehoer.de\/wp-content\/uploads\/2022\/06\/RLU-200x50-Pb.jpg\" alt=\"\" class=\"wp-image-463\"\/><\/figure>\n\n\n\n<figure class=\"wp-block-image size-large\"><img loading=\"lazy\" width=\"270\" height=\"180\" data-id=\"464\"  src=\"https:\/\/krankenhauszubehoer.de\/wp-content\/uploads\/2022\/06\/ts-ad.jpg\" alt=\"\" class=\"wp-image-464\"\/><\/figure>\n\n\n\n<figure class=\"wp-block-image size-large\"><img loading=\"lazy\" width=\"270\" height=\"180\" data-id=\"465\"  src=\"https:\/\/krankenhauszubehoer.de\/wp-content\/uploads\/2022\/06\/urathon-grau.jpg\" alt=\"\" class=\"wp-image-465\"\/><\/figure>\n<\/figure>\n","protected":false},"excerpt":{"rendered":"<p>Wir f\u00fchren Zubeh\u00f6r f\u00fcr alle g\u00e4ngigen Toiletten- und Rollst\u00fchle. Sprechen Sie uns hierf\u00fcr einfach an.<\/p>\n","protected":false},"author":1,"featured_media":0,"parent":0,"menu_order":0,"comment_status":"closed","ping_status":"closed","template":"","meta":[],"_links":{"self":[{"href":"https:\/\/alt-krankenhaus-rollentechnik.de\/index.php?rest_route=\/wp\/v2\/pages\/18"}],"collection":[{"href":"https:\/\/alt-krankenhaus-rollentechnik.de\/index.php?rest_route=\/wp\/v2\/pages"}],"about":[{"href":"https:\/\/alt-krankenhaus-rollentechnik.de\/index.php?rest_route=\/wp\/v2\/types\/page"}],"author":[{"embeddable":true,"href":"https:\/\/alt-krankenhaus-rollentechnik.de\/index.php?rest_route=\/wp\/v2\/users\/1"}],"replies":[{"embeddable":true,"href":"https:\/\/alt-krankenhaus-rollentechnik.de\/index.php?rest_route=%2Fwp%2Fv2%2Fcomments&post=18"}],"version-history":[{"count":2,"href":"https:\/\/alt-krankenhaus-rollentechnik.de\/index.php?rest_route=\/wp\/v2\/pages\/18\/revisions"}],"predecessor-version":[{"id":468,"href":"https:\/\/alt-krankenhaus-rollentechnik.de\/index.php?rest_route=\/wp\/v2\/pages\/18\/revisions\/468"}],"wp:attachment":[{"href":"https:\/\/alt-krankenhaus-rollentechnik.de\/index.php?rest_route=%2Fwp%2Fv2%2Fmedia&parent=18"}],"curies":[{"name":"wp","href":"https:\/\/api.w.org\/{rel}","templated":true}]}}