{"id":110,"date":"2018-05-29T09:26:37","date_gmt":"2018-05-29T09:26:37","guid":{"rendered":"http:\/\/krankenhauszubehoer.de\/?page_id=110"},"modified":"2022-08-31T09:31:09","modified_gmt":"2022-08-31T09:31:09","slug":"herzlich-willkommen","status":"publish","type":"page","link":"https:\/\/alt-krankenhaus-rollentechnik.de\/","title":{"rendered":"Startseite"},"content":{"rendered":"\n<h1><strong>Herzlich willkommen auf unserer Internetpr\u00e4senz<\/strong><\/h1>\n\n\n\n<p><\/p>\n\n\n\n<p>Unsere <strong>langj\u00e4hrigen Erfahrungen <\/strong>in den Bereichen <strong>Rollentechnik<\/strong> und Zubeh\u00f6r f\u00fcr die <strong>Krankenhaustechnik<\/strong>, macht uns zu Ihrem kompetenten Partner mit fundiertem Wissen und hohem technischen Know-how.<\/p>\n\n\n\n<p>Unser umfangreiches Sortiment wird st\u00e4ndig erweitert und neuen Anforderungen angepasst. Durch unser gut sortiertes Lager k\u00f6nnen wir Standardware kurzfristig liefern und die hausinterne Montage sorgt f\u00fcr schnelle Realisierung Ihrer Auftr\u00e4ge.<\/p>\n\n\n\n<p>Wir vertreten die Unternehmensphilosophie, dass Fair Play gegen\u00fcber Kunden, Lieferanten<br>und Mitarbeiter die beste Basis einer guten Zusammenarbeit ist.<\/p>\n\n\n\n<p>Wir verstehen uns auch als Partner f\u00fcr Individuall\u00f6sungen.<\/p>\n\n\n\n<h4><strong>Unser Team steht Ihnen gerne mit fachgerechter Beratung zur Seite.<\/strong><\/h4>\n\n\n\n<h4><strong> <\/strong><\/h4>\n\n\n\n<h5><br><\/h5>\n\n\n\n<p>Die Belieferung erfolgt ausschlie\u00dflich an gewerbliche Kunden.<\/p>\n\n\n\n<p><\/p>\n\n\n\n<p><\/p>\n\n\n\n<pre class=\"wp-block-code\"><code><\/code><\/pre>\n","protected":false},"excerpt":{"rendered":"<p>Herzlich willkommen auf unserer Internetpr\u00e4senz Unsere langj\u00e4hrigen Erfahrungen in den Bereichen Rollentechnik und Zubeh\u00f6r f\u00fcr die Krankenhaustechnik, macht uns zu Ihrem kompetenten Partner mit fundiertem Wissen und hohem technischen Know-how. Unser umfangreiches Sortiment wird st\u00e4ndig erweitert und neuen Anforderungen angepasst. Durch unser gut sortiertes Lager k\u00f6nnen wir Standardware kurzfristig liefern und die hausinterne Montage sorgt [&hellip;]<\/p>\n","protected":false},"author":1,"featured_media":0,"parent":0,"menu_order":0,"comment_status":"closed","ping_status":"closed","template":"","meta":[],"_links":{"self":[{"href":"https:\/\/alt-krankenhaus-rollentechnik.de\/index.php?rest_route=\/wp\/v2\/pages\/110"}],"collection":[{"href":"https:\/\/alt-krankenhaus-rollentechnik.de\/index.php?rest_route=\/wp\/v2\/pages"}],"about":[{"href":"https:\/\/alt-krankenhaus-rollentechnik.de\/index.php?rest_route=\/wp\/v2\/types\/page"}],"author":[{"embeddable":true,"href":"https:\/\/alt-krankenhaus-rollentechnik.de\/index.php?rest_route=\/wp\/v2\/users\/1"}],"replies":[{"embeddable":true,"href":"https:\/\/alt-krankenhaus-rollentechnik.de\/index.php?rest_route=%2Fwp%2Fv2%2Fcomments&post=110"}],"version-history":[{"count":63,"href":"https:\/\/alt-krankenhaus-rollentechnik.de\/index.php?rest_route=\/wp\/v2\/pages\/110\/revisions"}],"predecessor-version":[{"id":579,"href":"https:\/\/alt-krankenhaus-rollentechnik.de\/index.php?rest_route=\/wp\/v2\/pages\/110\/revisions\/579"}],"wp:attachment":[{"href":"https:\/\/alt-krankenhaus-rollentechnik.de\/index.php?rest_route=%2Fwp%2Fv2%2Fmedia&parent=110"}],"curies":[{"name":"wp","href":"https:\/\/api.w.org\/{rel}","templated":true}]}}